241
Let a = -121 + 123. Suppose l - 4*b - 486 = -a*l, 5*l + 4*b = 778. What are the prime factors of l?
2, 79
Suppose 3*g + 2 = 11, 0 = -5*c - 2*g - 4. Let w be ((-6)/(-4))/((-1)/c). Suppose -3*o + 82 = 2*x, 0 = w*x - 0*x - o - 101. List the prime factors of x.
5, 7
Let s = -14854 - -27860. List the prime factors of s.
2, 7, 929
Let k(j) = -4153*j - 4286. List the prime factors of k(-6).
2, 2579
Let i = 13799 - 9253. List the prime factors of i.
2, 2273
Suppose -2*q - 16 = 0, 26931 = 2*d + q - 98599. List the prime factors of d.
3, 7, 61
Suppose 91*y - 185*y = -95*y + 60313. What are the prime factors of y?
11, 5483
Let c(b) = -13*b + 58. Suppose 40 = -7*z - 37. List the prime factors of c(z).
3, 67
Let i = -21855 + 38726. List the prime factors of i.
16871
Let s(l) = -6064*l + 17. List the prime factors of s(-7).
3, 5, 19, 149
Suppose -6*n = -4*n + 8. Let v = n - -13. Suppose -6*b + v = -3*b. What are the prime factors of b?
3
Suppose 0 = 96*m - 1000864 - 226688. What are the prime factors of m?
19, 673
Let c(u) = -47 - 32*u**2 - 45*u**2 - u**3 + 121*u**2 + 61*u. List the prime factors of c(45).
673
Let w be (3/((-9)/2))/(1/(-6)). Suppose w*i = 10*i. Suppose i = 4*k - 0*f - 2*f - 350, 0 = k + f - 86. What are the prime factors of k?
3, 29
Let k(z) = -2*z + 12. Let t be k(-17). Suppose -u = -2*n - t, -2*u - n = -3*n - 98. Suppose -57*y + 575 = -u*y. List the prime factors of y.
5, 23
Suppose d = -3*p + 3*d - 7, -2*p - 2*d - 8 = 0. Let t(z) = 10*z**2 - 8*z - 28. What are the prime factors of t(p)?
2, 43
List the prime factors of ((-156497)/82)/((-6)/4) - 15/(-9).
2, 7, 13
Let f = 647 + 215. Let o = -476 + f. List the prime factors of o.
2, 193
Suppose 0 = 20*a - 32*a + 4572. Suppose -5*b + 6*u + 1905 = 9*u, -b - 5*u + a = 0. What are the prime factors of b?
3, 127
Let k = -86 - -66. List the prime factors of 3/(36/(-195))*k.
5, 13
Let c(k) = 2*k**3 + 2*k**2 - 7*k + 2. Let q = -77 - -92. Suppose 10*i = 5*i - q, -2*p + 4*i + 16 = 0. What are the prime factors of c(p)?
2, 3
Let w(l) = -l**3 - 18*l**2 + 20*l + 22. Let i be w(-19). Suppose 3*z - 4*z = 4*j - 3019, -i*j + 2278 = -2*z. List the prime factors of j.
2, 3, 7
Let q = 1342 + 172. What are the prime factors of q?
2, 757
Let y = 222 + -61. Suppose -3*k + 4*c = -y - 267, -3*k + 5*c + 427 = 0. What are the prime factors of k?
2, 3
Let n = 975 + -969. Suppose 14241 = n*a + 3633. What are the prime factors of a?
2, 13, 17
Let t(o) = 3*o - 11. Let m be t(4). Let v be m*7*(13 + -3). Suppose -10 = u - v. List the prime factors of u.
2, 3, 5
Let l(q) = -q**3 - 5*q**2 - 4*q + 10. Let b be l(-7). Suppose 0 = 3*c + 2*d + 21 + 10, 4*c = -4*d - 36. Let a = c + b. What are the prime factors of a?
3, 41
Let o be (-2)/8 - 7018/88. Let d = 145 + o. What are the prime factors of d?
5, 13
Let y(p) be the second derivative of 16*p**3/3 - 50*p**2 - 87*p. List the prime factors of y(19).
2, 127
Let u = 12 + -6. Suppose -u*d + d - 405 = 3*t, t - 3*d = -121. List the prime factors of t/(-4) + (-2)/4.
2
Let o(b) be the second derivative of 5*b**4/3 + b**3/2 + 2*b**2 - 47*b. Suppose -3*r - 7*r + 30 = 0. List the prime factors of o(r).
193
Suppose 4*y - 3*k + 570 = 0, -2*y - 3*k - 266 = 10. Let s be 22/10*(-28 - -133). Let z = y + s. List the prime factors of z.
2, 3, 5
Suppose 3319 = w - 4*x, 149*w - 144*w + 5*x = 16645. List the prime factors of w.
3, 1109
Let f be -1 + 6/(-12) + 18/4. Suppose 0*w = -3*w + f*h + 432, 4*h + 718 = 5*w. What are the prime factors of w?
2, 71
Suppose -12*b = 763 - 235. Let k be b/(1/(-15)*1). Let o = k + -390. What are the prime factors of o?
2, 3, 5
Let b(t) = -63*t**2 + 6*t - 1. Let o be b(1). List the prime factors of (-48)/(-216) - o/(-18) - -654.
3, 7, 31
Let r(y) be the second derivative of -y**5/20 - y**4/6 + y**3/3 + 19*y**2 + y + 6. What are the prime factors of r(0)?
2, 19
Let w = -73 + 68. Let h be (-5)/2*(w + (-57)/(-15)). Suppose -4*a + 65 = s, 0 = -h*s + 5*a + 1 + 245. What are the prime factors of s?
7, 11
Let g be ((-49)/14)/(3/(-762)). Suppose 0 = -4*z + 8, 0 = -5*u - 3*z - g + 2645. Let m = u - 125. What are the prime factors of m?
3, 5
Let q(s) = 1664*s - 1765. List the prime factors of q(6).
8219
Suppose -23*h + 18535716 = 319*h. List the prime factors of h.
2, 3, 3011
Let j(s) = 21*s - 66. Let k(h) = 14*h - 44. Let p(n) = -5*j(n) + 7*k(n). Let v be p(15). Let b = v - -139. What are the prime factors of b?
2, 7
Let u(d) = -246*d**2 + d - 2. Let r be u(1). Let k = -688 - r. What are the prime factors of k/(-5) - 5/25?
2, 11
Let f(l) = 1100*l - 919. What are the prime factors of f(12)?
12281
Let j be (3/(-2))/(1/2). Let s be (3 + -1)/((-4)/2 - j). What are the prime factors of (-222)/(-4)*s - -1?
2, 7
Let m be (39/(-12))/(3/(-12)). Suppose 2*k - 30 = -4*t, 3*t + m*k - 21 = 11*k. Let x(z) = 17*z - 66. What are the prime factors of x(t)?
3, 29
Let w(s) = -s**3 - s**2 - s + 81. Let y be 0/(1*(0 - (2 + -1))). Let c be w(y). Suppose 0 = 3*f + o - c, 3*f - 63 = 3*o + 2*o. List the prime factors of f.
2, 13
Let q(t) = 6 + 0 - t**2 - 9 + 14*t - 19*t - 353*t**3. What are the prime factors of q(-1)?
2, 3, 59
Suppose 15*p + 687 = -2553. Let o = 1353 - p. List the prime factors of o.
3, 523
Let z(s) = 2*s**2 + 14*s - 8 - 3*s + 366*s**3 - 4*s. What are the prime factors of z(1)?
367
Let t(p) = -p**3 - 11*p**2 - 34*p + 15. Suppose 189 = -21*o - 0*o. What are the prime factors of t(o)?
3, 53
Let f = 170 - 158. Suppose f*y = 21*y - 6957. What are the prime factors of y?
773
Let x be (-4)/12*-4*3. Suppose -x*g = 6*g - 4820. List the prime factors of g.
2, 241
Let t = 2416 + 1065. Suppose 179 - 879 = -w + 3*h, 4*h = -5*w + t. What are the prime factors of w?
17, 41
Suppose 0 = -5*a - 4*c + 110479, 310*c - 315*c = 4*a - 88385. List the prime factors of a.
3, 5, 491
Let f = -195 - -254. Let z = f + 335. List the prime factors of z.
2, 197
Let i = 2728 - 1389. Suppose 0 = l + 1, -3*g + i = -g + l. List the prime factors of g.
2, 5, 67
Suppose -1035727 = -126*j - 1179333 + 4296314. List the prime factors of j.
2, 3, 1831
Suppose 138*s - 140*s - 22314 = -4*m, m + 5*s = 5562. What are the prime factors of m?
3, 11, 13
Let q(n) = -4579*n + 415. List the prime factors of q(-3).
2, 29, 61
Let a(p) be the second derivative of -p**5/20 + 2*p**4/3 + p**3/6 - 8*p**2 - 2*p. Let y be a(-5). Let m = y + -180. List the prime factors of m.
2, 31
Suppose 159053 = 3*q - 391*k + 396*k, 3*q + k - 159073 = 0. What are the prime factors of q?
2, 26513
Suppose 4*f = 24 + 8, 200344 = 4*y + 4*f. What are the prime factors of y?
2, 7, 73
Let d(o) = 5*o**3 - 10*o**2 + 4*o + 6. Let p(u) = 6*u**3 - 11*u**2 + 3*u + 7. Let m(n) = 5*d(n) - 4*p(n). Let t = -11 + 18. List the prime factors of m(t).
107
Let g be (0 - 6 - -4) + -3. What are the prime factors of g/10 - (-1529)/2?
2, 191
Suppose 12*b - 434 = 10*b. Suppose 0*d - 2*d - 5*w + b = 0, w = -2*d + 221. Suppose -h = 3*p - d, 3*h + p = -4*p + 321. List the prime factors of h.
2, 3, 17
Let p be (18/12)/((-38)/(-16) + -2). Suppose 0 = 4*n + 4*b + 44, 5*n = p*b - 133 + 33. Let m(a) = a**2 + 15*a + 34. What are the prime factors of m(n)?
2, 5
Suppose 15*c - 31 = 15299. Let b = -692 + c. List the prime factors of b.
2, 3, 5, 11
Suppose 9*m - 10*m - 4 = 4*f, 4 = -f - m. Suppose -10*y + 5314 - 684 = f. List the prime factors of y.
463
List the prime factors of (-90)/165 - 8867535/(-253).
3, 7, 1669
Let g be (-1)/(-4 + (-14)/(-4)). Suppose 4*m - 4*q = -g*q + 330, -4*m + 345 = -5*q. Let t = -45 + m. List the prime factors of t.
5, 7
Suppose 13913 + 120943 = 18*z. What are the prime factors of z?
2, 1873
Let k(x) be the second derivative of 6*x + 0 + 1/6*x**4 - 5/6*x**3 - 11/2*x**2. List the prime factors of k(5).
2, 7
Suppose 57*t + 8 = 61*t. Suppose t*r + 6*u - 11*u - 929 = 0, 3*r + 4*u = 1382. What are the prime factors of r?
2, 3, 7, 11
List the prime factors of (-55)/385 - (-5)/(105/319833).
2, 5, 1523
Suppose 20*i - 22*i = -2*y - 16492, -4*y - 8246 = -i. What are the prime factors of i?
2, 7, 19, 31
Suppose -4 + 12 = -3*o - 4*r, 2*r + 6 = -o. Let x = o + 425. What are the prime factors of ((x/(-6))/(-11))/(1/6)?
3, 13
Suppose -10*t = -37*t - 108. List the prime factors of t/(-54) + (-20599)/(-27).
7, 109
Suppose 0 = -7*j + 11*j + 49*j - 2179095. List the prime factors